 -5*y**3 - 5*y**2 - y + 1. Calculate o(1).
-10
Let b(w) = w**3 - 23*w**2 + 48*w - 4. Give b(21).
122
Let d(n) = n**3 + 27*n**2 - 45*n + 122. Give d(-29).
-255
Let t(d) = d**3 + 10*d**2 - 55*d + 60. Give t(-16).
-596
Let m(b) = b**3 - 7*b**2 + 6*b - 115. Give m(8).
-3
Let m(x) = 16851*x + 286468. Determine m(-17).
1
Let j(f) = 4*f**3 + 11*f**2 - f - 3. Determine j(-3).
-9
Let g(r) = 4*r**3 + 12*r**2 + 9*r - 3. Give g(0).
-3
Let k(r) = r**3 - 74*r**2 - 159*r + 520. Determine k(76).
-12
Let h(i) = i + 50. Determine h(-35).
15
Let h(a) = 68*a - 5023. Calculate h(70).
-263
Let j(h) = h**2 + 21*h + 1. Give j(-17).
-67
Let h(i) = -284*i + 1149. Give h(4).
13
Let t(f) = 7*f**3 - 197*f**2 + 27*f + 36. Give t(28).
8
Let j(h) = 767*h - 35. Determine j(1).
732
Let p(x) = -2*x**3 + 3*x**2 + 89*x - 11. Calculate p(-7).
199
Let u(l) = -34*l**2 + 6*l + 1. Give u(-3).
-323
Let b(s) = 15*s**3 - 72*s**2 - 23*s + 36. Calculate b(5).
-4
Let m(d) = -11*d - 83. What is m(16)?
-259
Let o(b) = 2*b**3 - 38*b**2 + 214*b - 2483. Determine o(17).
-1
Let b(d) = -d**2 - 463*d - 3191. Determine b(-7).
1
Let r(l) = -2*l**2 + 179*l + 5043. Calculate r(112).
3
Let w(o) = 61*o - 656. What is w(12)?
76
Let a(t) = -t**3 - 6*t**2 + 19*t - 5. What is a(-8)?
-29
Let a(k) = 3*k**3 + 45*k**2 + 9*k - 19. Give a(-15).
-154
Let o(i) = -i**2 - 28*i - 198. Determine o(-11).
-11
Let k(v) = -6*v**2 + 466*v - 2307. Calculate k(5).
-127
Let s(k) = k**2 - 52*k + 630. Calculate s(19).
3
Let m(a) = 95*a - 1331. Give m(14).
-1
Let i(p) = -2*p**2 - 77*p + 8. Give i(-39).
-31
Let x(i) = i**3 - 26*i**2 + 61*i - 1582. Calculate x(26).
4
Let k(q) = q**3 - 11*q**2 - 1. Calculate k(10).
-101
Let j(m) = -45*m**2 - m + 8. Calculate j(2).
-174
Let m(h) = h**3 - 4*h**2 - 74*h + 11. What is m(-7)?
-10
Let m(x) = -x**3 - 15*x**2 - 38*x + 88. Give m(-6).
-8
Let t(w) = -4*w + 38. Give t(-12).
86
Let r(w) = -w**2 + 109*w - 2693. Determine r(71).
5
Let r(l) = -l**3 - 18*l**2 - 82*l - 1147. Calculate r(-17).
-42
Let p(d) = -4*d**3 + d**2 - 12*d - 14. What is p(-1)?
3
Let b(p) = -148*p + 2392. Calculate b(13).
468
Let y(v) = -v**3 - 7*v**2 + 5*v - 19. What is y(-7)?
-54
Let v(z) = -3*z**3 - 3*z**2 + 4*z + 18. Give v(-3).
60
Let x(f) = f**3 + 2*f**2 + 115*f + 487. Give x(-4).
-5
Let n(k) = 51*k + 277. Give n(-5).
22
Let c(u) = u**3 + 13*u**2 + 40*u - 15. Give c(-7).
-1
Let b(s) = -s**3 + 33*s**2 - 255*s - 36. Calculate b(19).
173
Let o(a) = a**3 - 12*a**2 + 21*a - 39. What is o(10)?
-29
Let k(z) = 2*z**2 + 51*z - 586. What is k(11)?
217
Let r(j) = j**2 - 145*j + 4366. What is r(43)?
-20
Let h(v) = -1184*v - 18948. Give h(-16).
-4
Let t(f) = -12*f**2 - 50*f + 334. What is t(6)?
-398
Let p(a) = 22*a - 868. Calculate p(39).
-10
Let w(p) = -201*p + 988. Calculate w(5).
-17
Let c(x) = x**3 - 12*x**2 - 42*x + 572. What is c(11)?
-11
Let h(m) = -1260*m - 20166. Give h(-16).
-6
Let h(y) = 18*y - 121. Determine h(7).
5
Let y(t) = -60*t - 4684. Calculate y(-78).
-4
Let m(j) = -2*j - 733. Calculate m(-45).
-643
Let s(g) = -g - 134. Determine s(-28).
-106
Let g(a) = 9*a**2 - 2*a + 5. Calculate g(-2).
45
Let n(m) = -2*m**3 + 52*m**2 + 134*m - 34. Determine n(28).
582
Let w(n) = -2743*n - 10968. What is w(-4)?
4
Let q(g) = -9*g**2 - 144*g + 45. Give q(-16).
45
Let s(d) = -252*d + 1633. Determine s(6).
121
Let l(o) = 6*o - 6. What is l(-2)?
-18
Let y(j) = j**3 - 5*j**2 + 5*j - 65. Calculate y(6).
1
Let k(q) = -32*q + 14072. Determine k(440).
-8
Let l(t) = t**3 + 3*t**2 + 189*t - 387. Give l(2).
11
Let v(i) = -i**2 + 36*i + 286. Determine v(42).
34
Let r(m) = -m**3 + 4*m**2 + 33*m + 40. Calculate r(-3).
4
Let j(q) = 2*q - 102. Calculate j(34).
-34
Let z(w) = -w**3 + 21*w**2 + 27*w - 7. What is z(22)?
103
Let b(x) = -73*x + 30. Determine b(1).
-43
Let w(v) = -143*v - 1014. Calculate w(-7).
-13
Let b(h) = 159*h + 520. Give b(-4).
-116
Let i(r) = -6*r**3 + 12*r**2 + 2*r - 15. Determine i(-1).
1
Let b(a) = -3*a**3 - 89*a**2 + 39*a + 281. Give b(-30).
11
Let o(i) = -8*i**2 + 145*i - 149. Give o(17).
4
Let t(k) = -k**3 + 9*k**2 + 27*k - 24. What is t(12)?
-132
Let g(p) = 12*p**2 + 73*p + 206. What is g(-5)?
141
Let u(g) = -g**3 + 38*g**2 - 43*g + 378. Give u(37).
156
Let b(a) = -13*a**3 + a**2 - 187*a + 371. Determine b(2).
-103
Let c(t) = -8*t**3 - 2*t**2 - 19*t + 21. Calculate c(1).
-8
Let r(l) = -20*l**3 - 2*l**2 - 13*l - 1. What is r(-3)?
560
Let f(w) = -w**3 + 39*w**2 + 95*w - 432. Give f(41).
101
Let y(w) = 127*w**2 + 751*w - 55. Calculate y(-6).
11
Let j(y) = -5*y + 36. Give j(36).
-144
Let j(r) = -3*r**2 + 149*r - 1177. Calculate j(40).
-17
Let v(a) = 123*a + 6575. Give v(-53).
56
Let q(h) = -73*h - 2099. Calculate q(-29).
18
Let z(q) = -16*q**2 + 14*q. What is z(2)?
-36
Let c(h) = 84*h + 5. Calculate c(1).
89
Let t(w) = -13*w + 332. Calculate t(25).
7
Let b(m) = m**3 - 15*m**2 - 16*m + 113. What is b(16)?
113
Let g(o) = -o**3 - 28*o**2 + 3. Determine g(-28).
3
Let t(s) = s**2 + 28*s - 120. Calculate t(-31).
-27
Let u(f) = -95*f + 3797. Give u(40).
-3
Let y(h) = -223*h**2 - 13395*h - 896. What is y(-60)?
4
Let g(o) = -16*o**2 - 114*o - 191. What is g(-4)?
9
Let i(y) = -3*y**2 - 20*y + 74. What is i(9)?
-349
Let o(f) = -f**3 - 3*f**2 + 18*f + 8. Give o(-6).
8
Let v(q) = -q**2 + 42*q - 195. What is v(43)?
-238
Let h(o) = -o**3 - 73*o**2 + 306*o - 161. What is h(-77)?
-7
Let g(a) = -a**3 + 5*a**2 + 48*a + 19. What is g(10)?
-1
Let a(i) = -4*i**2 + 667*i - 2431. Determine a(163).
14
Let q(y) = -5*y**3 - 35*y**2 - 13*y + 10. Determine q(-6).
-92
Let n(t) = t**2 + 717*t + 87114. Give n(-155).
4
Let t(y) = -240*y + 732. Calculate t(5).
-468
Let l(i) = -i**2 + 23*i + 69. Give l(30).
-141
Let t(l) = -27*l + 3096. Give t(112).
72
Let b(a) = a**3 + 57*a**2 + 51*a - 33. What is b(-56)?
247
Let v(o) = -25*o - 1187. What is v(-56)?
213
Let j(a) = -22*a**3 + 325*a**2 + 71*a. Determine j(15).
-60
Let c(n) = -54*n + 334. What is c(6)?
10
Let j(p) = -p**2 + 92*p - 929. Give j(78).
163
Let r(t) = -153*t - 1368. What is r(-9)?
9
Let s(c) = -104*c - 1453. Calculate s(-14).
3
Let m(d) = 2*d**3 - 21*d**2 + 29*d - 156. Calculate m(10).
34
Let v(t) = -5*t**2 + 508*t + 209. Determine v(102).
5
Let v(p) = -2*p**3 - 11*p**2 + 13*p + 21. Give v(-7).
77
Let x(g) = -46*g + 369. Calculate x(10).
-91
Let l(f) = f**2 - 44*f + 415. Determine l(29).
-20
Let d(b) = -26*b**2 + 46*b + 9. What is d(2)?
-3
Let w(s) = s**3 - 101*s**2 - 212*s + 645. What is w(103)?
27
Let l(x) = -3*x**2 - 44*x + 201. Give l(4).
-23
Let m(q) = q**3 - 27*q**2 - 73*q + 444. Calculate m(29).
9
Let p(n) = -37*n - 383. Calculate p(-10).
-13
Let b(x) = x**2 + 8*x - 739. Give b(-37).
334
Let w(v) = v**3 - 147*v**2 + 132*v + 2087. Calculate w(146).
43
Let w(h) = -38*h - 331. Give w(-9).
11
Let w(g) = 4848*g + 38774. Calculate w(-8).
-10
Let l(v) = 2*v**3 - 11*v**2 - 262*v - 7. Determine l(-9).
2
Let q(f) = 12*f**3 + 105*f**2 - 32*f - 37. Give q(-9).
8
Let z(f) = f**3 - 4*f**2 + 15*f - 20. Determine z(6).
142
Let t(m) = m**2 + 8*m - 160. Give t(10).
20
Let a(o) = 50*o**2 + 4*o - 6. What is a(1)?
48
Let w(i) = 53*i - 270. Determine w(5).
-5
Let a(s) = 4*s**2 - 7*s - 259. Calculate a(-8).
53
Let i(y) = y**3 - 22*y**2 + 23*y - 3. What is i(1)?
-1
Let r(f) = -f**2 + 100*f + 519. Calculate r(-5).
-6
Let f(d) = 2*d**3 + 82*d**2 - 262*d + 40. Give f(-44).
-48
Let l(b) = b**3 + 11*b**2 + 10*b + 265. What is l(-12)?
1
Let m(c) = 53*c - 2176. What is m(41)?
-3
Let m(p) = 39*p + 384. Calculate m(-10).
-6
Let f(x) = -38*x**3 - 49*x**2 - 8*x - 3. What is f(-1)?
-6
Let k(h) = -h**3 + 11*h**2 - 141. What is k(9)?
21
Let t(z) = -z**3 + 297*z**2 - 566*z - 7093. Calculate t(295).
-13
Let h(j) = 134*j**2 - 56*j - 57. Determine h(-1).
133
Let k(q) = -q**3 - 16*q**2 + 13*q + 145. Calculate k(-16).
-63
Let m(u) = -2*u**2 - 263*u - 1397. Determine m(-126).
-11
Let g(r) = -2*r**3 - 148*r**2 - 815*r + 1. What is g(-6)?
-5
Let r(a) = -169*a + 5581. Calculate r(33).
4
Let h(v) = -429*v - 3151. What is h(-8)?
281
Let g(i) = i**3 - 82*i**2 - 256*i. Calculate g(-3).
3
Let k(v) = -18*v - 140. Give k(-13).
94
Let w(c) = 2*c**2 - 13*c + 24. Determine w(0).
24
Let g(v) = -v**3 - 48*v**2 - 410*v - 12. Calculate g(-11).
21
Let s(y) = -y**3 + 11*y**2 - 205*y + 1262. What is s(7)?
23
Let a(b) = 2*b**3 - 239*b**2 - 353*b - 1221. What